{"id":414,"date":"2025-11-22T15:51:54","date_gmt":"2025-11-22T14:51:54","guid":{"rendered":"https:\/\/art-des-sens-spa.fr\/?page_id=414"},"modified":"2025-11-24T19:30:10","modified_gmt":"2025-11-24T18:30:10","slug":"case-study","status":"publish","type":"page","link":"https:\/\/art-des-sens-spa.fr\/index.php\/case-study\/","title":{"rendered":"l&#8217;espace bien-\u00eatre"},"content":{"rendered":"<div class=\"et_pb_section_0 et_pb_section et_section_regular et_block_section preset--module--divi-section--8559ffaf-180d-4a1f-a84e-75e7ecf1f617\">\n<div class=\"et_pb_row_0 et_pb_row et_pb_gutters3 et_block_row\">\n<div class=\"et_pb_column_0 et_pb_column et_pb_column_4_4 et-last-child et_block_column et_pb_css_mix_blend_mode_passthrough\">\n<div class=\"et_pb_heading_0 et_pb_heading et_pb_module et_block_module preset--module--divi-heading--cbae0703-90c7-42dd-9119-a04a26425a63\"><div class=\"et_pb_heading_container\"><h4 class=\"et_pb_module_header\">art des sens<\/h4><\/div><\/div>\n\n<div class=\"et_pb_divider_0 et_pb_divider et_pb_space et_pb_divider_position_bottom et_pb_module preset--module--divi-divider--default\"><div class=\"et_pb_divider_internal\"><\/div><\/div>\n\n<div class=\"et_pb_divider_1 et_pb_divider_hidden et_pb_space et_pb_divider_position_top et_pb_module preset--module--divi-divider--default\"><div class=\"et_pb_divider_internal\"><\/div><\/div>\n\n<div class=\"et_pb_heading_1 et_pb_heading et_pb_module et_block_module preset--module--divi-heading--089f8464-245a-4784-a66a-95cae053accc\"><div class=\"et_pb_heading_container\"><h1 class=\"et_pb_module_header\">SPA &#8211; espace detente<\/h1><\/div><\/div>\n<\/div>\n<\/div>\n<\/div>\n\n<div class=\"et_pb_section_1 et_pb_section et_section_regular et_block_section preset--module--divi-section--default\">\n<div class=\"et_pb_row_1 et_pb_row et_pb_gutters3 et_block_row preset--module--divi-row--70eea49e-43dd-4b26-9ea3-1674008fd33f\">\n<div class=\"et_pb_column_1 et_pb_column et_pb_column_4_4 et-last-child et_block_column et_pb_css_mix_blend_mode_passthrough\">\n<div class=\"et_pb_heading_2 et_pb_heading et_pb_module et_block_module preset--module--divi-heading--default\"><div class=\"et_pb_heading_container\"><h2 class=\"et_pb_module_header\">besoin d&#8217;une pause ?<\/h2><\/div><\/div>\n\n<div class=\"et_pb_text_0 et_pb_text et_pb_bg_layout_light et_pb_module et_block_module preset--module--divi-text--default\"><div class=\"et_pb_text_inner\"><p>Une semaine \u00e9puisante ? Envie d&#8217;un cocon entre ami(e)s ? Besoin d&#8217;un moment intime avec votre moiti\u00e9 ?<\/p>\n<p>Faites une pause dasn votre quotidien et offrez vous une parenth\u00e8se de d\u00e9tente dans votre journchez Art des Sens<\/p>\n<\/div><\/div>\n<\/div>\n<\/div>\n\n<div class=\"et_pb_row_2 et_pb_row et_pb_gutters3 et_block_row\">\n<div class=\"et_pb_column_2 et_pb_column et_pb_column_4_4 et-last-child et_block_column et_pb_css_mix_blend_mode_passthrough\">\n<div class=\"et_pb_image_0 et_pb_image et_pb_module et_block_module\"><span class=\"et_pb_image_wrap\"><img fetchpriority=\"high\" fetchpriority=\"high\" decoding=\"async\" src=\"https:\/\/art-des-sens-spa.fr\/wp-content\/uploads\/2024\/11\/1-scaled.jpg\" width=\"2560\" height=\"1920\" srcset=\"https:\/\/art-des-sens-spa.fr\/wp-content\/uploads\/2024\/11\/1-scaled.jpg 2560w, https:\/\/art-des-sens-spa.fr\/wp-content\/uploads\/2024\/11\/1-scaled-600x450.jpg 600w, https:\/\/art-des-sens-spa.fr\/wp-content\/uploads\/2024\/11\/1-300x225.jpg 300w, https:\/\/art-des-sens-spa.fr\/wp-content\/uploads\/2024\/11\/1-1024x768.jpg 1024w, https:\/\/art-des-sens-spa.fr\/wp-content\/uploads\/2024\/11\/1-768x576.jpg 768w, https:\/\/art-des-sens-spa.fr\/wp-content\/uploads\/2024\/11\/1-1536x1152.jpg 1536w, https:\/\/art-des-sens-spa.fr\/wp-content\/uploads\/2024\/11\/1-2048x1536.jpg 2048w\" sizes=\"(max-width: 2560px) 100vw, 2560px\" class=\"wp-image-207\" title=\"attorney-22\" \/><\/span><\/div>\n<\/div>\n<\/div>\n\n<div class=\"et_pb_row_3 et_pb_row et_pb_row_1-4_3-4 et_pb_gutters3 et_block_row\">\n<div class=\"et_pb_column_3 et_pb_column et_pb_column_1_4 et_block_column et_pb_css_mix_blend_mode_passthrough\">\n<div class=\"et_pb_heading_3 et_pb_heading et_pb_module et_block_module preset--module--divi-heading--ce0a3c82-b384-4b31-8759-e1376e422fc6\"><div class=\"et_pb_heading_container\"><h4 class=\"et_pb_module_header\">Nos atouts<\/h4><\/div><\/div>\n<\/div>\n\n<div class=\"et_pb_column_4 et_pb_column et_pb_column_3_4 et-last-child et_block_column et_pb_css_mix_blend_mode_passthrough\">\n<div class=\"et_pb_text_1 et_pb_text et_pb_bg_layout_light et_pb_module et_block_module preset--module--divi-text--default\"><div class=\"et_pb_text_inner\"><p>Chez Art des Sens nous avons fait le choix de la qualit\u00e9 ! D\u00e9\u00e7u des spa privatif d\u00e9cr\u00e9pi et sentant l&#8217;humidit\u00e9 etc etc<\/p>\n<\/div><\/div>\n<\/div>\n<\/div>\n\n<div class=\"et_pb_row_4 et_pb_row et_pb_row_1-4_3-4 et_pb_gutters3 et_block_row\">\n<div class=\"et_pb_column_5 et_pb_column et_pb_column_1_4 et_block_column et_pb_css_mix_blend_mode_passthrough\">\n<div class=\"et_pb_heading_4 et_pb_heading et_pb_module et_block_module preset--module--divi-heading--ce0a3c82-b384-4b31-8759-e1376e422fc6\"><div class=\"et_pb_heading_container\"><h4 class=\"et_pb_module_header\">nos equipements<\/h4><\/div><\/div>\n<\/div>\n\n<div class=\"et_pb_column_6 et_pb_column et_pb_column_3_4 et-last-child et_block_column et_pb_css_mix_blend_mode_passthrough\">\n<div class=\"et_pb_blurb_0 et_pb_blurb et_pb_bg_layout_dark et_pb_text_align_left et_pb_blurb_position_left et_pb_module et_block_module preset--module--divi-blurb--84ac642f-fdec-4041-9f95-2a99d64c7dc8\"><div class=\"et_pb_blurb_content\"><div class=\"et_pb_main_blurb_image\"><span class=\"et_pb_image_wrap\"><span class=\"et-pb-icon et-waypoint et_pb_animation_off et_pb_animation_off_tablet et_pb_animation_off_phone\">N<\/span><\/span><\/div><div class=\"et_pb_blurb_container\"><h4 class=\"et_pb_module_header\">Bain a remoue canadien haut de gamme<\/h4><div class=\"et_pb_blurb_description\"><p>87 jets, plusieurs pompes<\/p>\n<\/div><\/div><\/div><\/div>\n\n<div class=\"et_pb_blurb_1 et_pb_blurb et_pb_bg_layout_dark et_pb_text_align_left et_pb_blurb_position_left et_pb_module et_block_module preset--module--divi-blurb--84ac642f-fdec-4041-9f95-2a99d64c7dc8\"><div class=\"et_pb_blurb_content\"><div class=\"et_pb_main_blurb_image\"><span class=\"et_pb_image_wrap\"><span class=\"et-pb-icon et-waypoint et_pb_animation_off et_pb_animation_off_tablet et_pb_animation_off_phone\">N<\/span><\/span><\/div><div class=\"et_pb_blurb_container\"><h4 class=\"et_pb_module_header\">Sauna infrarouges<\/h4><div class=\"et_pb_blurb_description\"><p>Technologie diff\u00e9rentes des saunas traditionnels<\/p>\n<\/div><\/div><\/div><\/div>\n\n<div class=\"et_pb_blurb_2 et_pb_blurb et_pb_bg_layout_dark et_pb_text_align_left et_pb_blurb_position_left et_pb_module et_block_module preset--module--divi-blurb--84ac642f-fdec-4041-9f95-2a99d64c7dc8\"><div class=\"et_pb_blurb_content\"><div class=\"et_pb_main_blurb_image\"><span class=\"et_pb_image_wrap\"><span class=\"et-pb-icon et-waypoint et_pb_animation_off et_pb_animation_off_tablet et_pb_animation_off_phone\">N<\/span><\/span><\/div><div class=\"et_pb_blurb_container\"><h4 class=\"et_pb_module_header\">Double douche de marque premium<\/h4><div class=\"et_pb_blurb_description\"><p>receveur XXL double douches pour maximiser<\/p>\n<\/div><\/div><\/div><\/div>\n\n<div class=\"et_pb_blurb_3 et_pb_blurb et_pb_bg_layout_dark et_pb_text_align_left et_pb_blurb_position_left et_pb_module et_block_module preset--module--divi-blurb--84ac642f-fdec-4041-9f95-2a99d64c7dc8\"><div class=\"et_pb_blurb_content\"><div class=\"et_pb_main_blurb_image\"><span class=\"et_pb_image_wrap\"><span class=\"et-pb-icon et-waypoint et_pb_animation_off et_pb_animation_off_tablet et_pb_animation_off_phone\">N<\/span><\/span><\/div><div class=\"et_pb_blurb_container\"><h4 class=\"et_pb_module_header\">mini bar\u00a0<\/h4><div class=\"et_pb_blurb_description\"><p>Envie d&#8217;un rafraichissement<\/p>\n<\/div><\/div><\/div><\/div>\n\n<div class=\"et_pb_blurb_4 et_pb_blurb et_pb_bg_layout_dark et_pb_text_align_left et_pb_blurb_position_left et_pb_module et_block_module preset--module--divi-blurb--84ac642f-fdec-4041-9f95-2a99d64c7dc8\"><div class=\"et_pb_blurb_content\"><div class=\"et_pb_main_blurb_image\"><span class=\"et_pb_image_wrap\"><span class=\"et-pb-icon et-waypoint et_pb_animation_off et_pb_animation_off_tablet et_pb_animation_off_phone\">N<\/span><\/span><\/div><div class=\"et_pb_blurb_container\"><h4 class=\"et_pb_module_header\">XXXX<\/h4><div class=\"et_pb_blurb_description\"><p>XXX<\/p>\n<\/div><\/div><\/div><\/div>\n<\/div>\n<\/div>\n\n<div class=\"et_pb_row_5 et_pb_row et_pb_row_1-4_3-4 et_pb_gutters3 et_block_row\">\n<div class=\"et_pb_column_7 et_pb_column et_pb_column_1_4 et_block_column et_pb_css_mix_blend_mode_passthrough\">\n<div class=\"et_pb_heading_5 et_pb_heading et_pb_module et_block_module preset--module--divi-heading--ce0a3c82-b384-4b31-8759-e1376e422fc6\"><div class=\"et_pb_heading_container\"><h4 class=\"et_pb_module_header\">Carte cadeau<\/h4><\/div><\/div>\n<\/div>\n\n<div class=\"et_pb_column_8 et_pb_column et_pb_column_3_4 et-last-child et_block_column et_pb_css_mix_blend_mode_passthrough\">\n<div class=\"et_pb_text_2 et_pb_text et_pb_bg_layout_light et_pb_module et_block_module preset--module--divi-text--default\"><div class=\"et_pb_text_inner\"><p>Vous souhaitez offrir une carte cadeau ?<\/p>\n<\/div><\/div>\n<\/div>\n<\/div>\n<\/div>\n\n<div class=\"et_pb_section_2 et_pb_section et_section_regular et_block_section preset--module--divi-section--default\">\n<div class=\"et_pb_row_6 et_pb_row et_pb_gutters3 et_block_row\">\n<div class=\"et_pb_column_9 et_pb_column et_pb_column_4_4 et-last-child et_block_column et_pb_css_mix_blend_mode_passthrough\">\n<div class=\"et_pb_heading_6 et_pb_heading et_pb_module et_block_module preset--module--divi-heading--default\"><div class=\"et_pb_heading_container\"><h2 class=\"et_pb_module_header\">Similar Trials<\/h2><\/div><\/div>\n<\/div>\n<\/div>\n\n<div class=\"et_pb_row_7 et_pb_row et_pb_gutters3 et_block_row\">\n<div class=\"et_pb_column_10 et_pb_column et_pb_column_1_3 et_block_column et_pb_css_mix_blend_mode_passthrough\">\n<div class=\"et_pb_blurb_5 et_pb_blurb et_pb_bg_layout_light et_pb_text_align_left et_pb_blurb_position_left et_pb_module et_block_module preset--module--divi-blurb--2d3e9430-3d39-49bb-984a-753f4ce20506\"><div class=\"et_pb_blurb_content\"><div class=\"et_pb_blurb_container\"><h4 class=\"et_pb_module_header\">Workplace Injury Compensation<\/h4><div class=\"et_pb_blurb_description\"><p>In a recent case, our firm successfully represented a client who suffered a severe injury due to unsafe working conditions. We demonstrated the employer&#8217;s negligence, leading to a substantial settlement that covered medical expenses, lost wages, and future rehabilitation costs.<\/p>\n<\/div><\/div><\/div><\/div>\n\n<div class=\"et_pb_module et_pb_button_module_wrapper et_pb_button_0_wrapper preset--group--divi-button--divi-button--default_wrapper preset--module--divi-button--8b5a1e15-ea97-44ae-a337-a6fe6277fff2_wrapper\"><a class=\"et_pb_button_0 et_pb_button et_pb_bg_layout_light et_pb_module et_block_module preset--group--divi-button--divi-button--default preset--module--divi-button--8b5a1e15-ea97-44ae-a337-a6fe6277fff2\" href=\"\">Learn More<\/a><\/div>\n<\/div>\n\n<div class=\"et_pb_column_11 et_pb_column et_pb_column_1_3 et_block_column et_pb_css_mix_blend_mode_passthrough\">\n<div class=\"et_pb_blurb_6 et_pb_blurb et_pb_bg_layout_light et_pb_text_align_left et_pb_blurb_position_left et_pb_module et_block_module preset--module--divi-blurb--2d3e9430-3d39-49bb-984a-753f4ce20506\"><div class=\"et_pb_blurb_content\"><div class=\"et_pb_blurb_container\"><h4 class=\"et_pb_module_header\">Auto Accident Liability<\/h4><div class=\"et_pb_blurb_description\"><p>We defended a client involved in a complex auto accident case where liability was disputed. Through meticulous evidence collection and expert testimony, we were able to establish our client\u2019s lack of fault, resulting in a favorable verdict that included full compensation for their injuries and damages.<\/p>\n<\/div><\/div><\/div><\/div>\n\n<div class=\"et_pb_module et_pb_button_module_wrapper et_pb_button_1_wrapper preset--group--divi-button--divi-button--default_wrapper preset--module--divi-button--8b5a1e15-ea97-44ae-a337-a6fe6277fff2_wrapper\"><a class=\"et_pb_button_1 et_pb_button et_pb_bg_layout_light et_pb_module et_block_module preset--group--divi-button--divi-button--default preset--module--divi-button--8b5a1e15-ea97-44ae-a337-a6fe6277fff2\" href=\"\">Learn More<\/a><\/div>\n<\/div>\n\n<div class=\"et_pb_column_12 et_pb_column et_pb_column_1_3 et-last-child et_block_column et_pb_css_mix_blend_mode_passthrough\">\n<div class=\"et_pb_blurb_7 et_pb_blurb et_pb_bg_layout_light et_pb_text_align_left et_pb_blurb_position_left et_pb_module et_block_module preset--module--divi-blurb--2d3e9430-3d39-49bb-984a-753f4ce20506\"><div class=\"et_pb_blurb_content\"><div class=\"et_pb_blurb_container\"><h4 class=\"et_pb_module_header\">Product Liability Claim<\/h4><div class=\"et_pb_blurb_description\"><p>Our firm handled a product liability case where a faulty consumer product caused significant harm to the user. By proving the manufacturer&#8217;s negligence and product defect, we secured a significant compensation package that covered the client&#8217;s medical bills, pain and suffering, and punitive damages.<\/p>\n<\/div><\/div><\/div><\/div>\n\n<div class=\"et_pb_module et_pb_button_module_wrapper et_pb_button_2_wrapper preset--group--divi-button--divi-button--default_wrapper preset--module--divi-button--8b5a1e15-ea97-44ae-a337-a6fe6277fff2_wrapper\"><a class=\"et_pb_button_2 et_pb_button et_pb_bg_layout_light et_pb_module et_block_module preset--group--divi-button--divi-button--default preset--module--divi-button--8b5a1e15-ea97-44ae-a337-a6fe6277fff2\" href=\"\">Learn More<\/a><\/div>\n<\/div>\n<\/div>\n<\/div>","protected":false},"excerpt":{"rendered":"","protected":false},"author":1,"featured_media":0,"parent":0,"menu_order":0,"comment_status":"closed","ping_status":"closed","template":"","meta":{"footnotes":""},"class_list":["post-414","page","type-page","status-publish","hentry"],"jetpack_sharing_enabled":true,"_links":{"self":[{"href":"https:\/\/art-des-sens-spa.fr\/index.php\/wp-json\/wp\/v2\/pages\/414","targetHints":{"allow":["GET"]}}],"collection":[{"href":"https:\/\/art-des-sens-spa.fr\/index.php\/wp-json\/wp\/v2\/pages"}],"about":[{"href":"https:\/\/art-des-sens-spa.fr\/index.php\/wp-json\/wp\/v2\/types\/page"}],"author":[{"embeddable":true,"href":"https:\/\/art-des-sens-spa.fr\/index.php\/wp-json\/wp\/v2\/users\/1"}],"replies":[{"embeddable":true,"href":"https:\/\/art-des-sens-spa.fr\/index.php\/wp-json\/wp\/v2\/comments?post=414"}],"version-history":[{"count":5,"href":"https:\/\/art-des-sens-spa.fr\/index.php\/wp-json\/wp\/v2\/pages\/414\/revisions"}],"predecessor-version":[{"id":656,"href":"https:\/\/art-des-sens-spa.fr\/index.php\/wp-json\/wp\/v2\/pages\/414\/revisions\/656"}],"wp:attachment":[{"href":"https:\/\/art-des-sens-spa.fr\/index.php\/wp-json\/wp\/v2\/media?parent=414"}],"curies":[{"name":"wp","href":"https:\/\/api.w.org\/{rel}","templated":true}]}}